l**2 - 75*l. What are the prime factors of n(-5)?
2
Suppose -8*i + 1507 = 7235. Let s = i - -1128. List the prime factors of s.
2, 103
Let j be ((-12)/18)/(6/21249). Let h be (-16)/20 - (j/(-5) + -3). What are the prime factors of 22/55*h/(-4)?
47
Suppose 360693 - 124699 = -208*k + 230*k. List the prime factors of k.
17, 631
Let r = 4884 - 2256. List the prime factors of r.
2, 3, 73
Suppose 0*u = -3*u + 9, -2*c = 2*u + 1012. Suppose -3637 = -5*g - p, 2*g + 2*p - 1016 - 434 = 0. Let t = g + c. List the prime factors of t.
3, 73
Let j(l) = -l**3 - 28*l**2 - 72*l - 120. List the prime factors of j(-33).
3, 17, 151
Let r = 244 - 248. What are the prime factors of r*(442/(-65))/(4/5)?
2, 17
Let n = 83 - 134. Let t = n + -217. Let x = -56 - t. List the prime factors of x.
2, 53
What are the prime factors of (-112)/(-32)*(8/(-28) + 41472/14)?
7, 1481
Suppose 0 = 42*p - 43291 - 47880 - 27353. What are the prime factors of p?
2, 17, 83
Suppose -2358 = -2*a + 3*i, 3*a - 2*i - 2757 = 770. Let f = a + -390. What are the prime factors of f?
3, 29
Suppose -1404 = 64*t - 46*t. List the prime factors of (t/9 - -8)/(4/(-7962)).
1327
Let a(u) = 69*u - 161. Let t be a(-7). Let y = t - -652. What are the prime factors of y?
2
Suppose 2*z = 15 + 23. Suppose -z*s = -17*s + 196. What are the prime factors of s/(-3)*(-1)/(-1)*3?
2, 7
Let v = -110 + 85. What are the prime factors of v/20 + 1537/4?
383
What are the prime factors of (4/((-84)/(-7) + -2))/(6/812715)?
54181
Let s(q) = 1173*q**2 + 8*q - 8. Let w be s(1). Suppose -13*u + 5418 + w = 0. List the prime factors of u.
3, 13
Let r = 13399 - -20453. What are the prime factors of r?
2, 3, 7, 13, 31
Let n(u) = 7*u - 28. Let j be n(3). Let y be j + (48 - 6) - (2 - 1). Let r = 108 - y. List the prime factors of r.
2, 37
Suppose -2*o - x + 281 = 0, -x - 140 = -o - 2*x. Suppose -3 = -12*n + o. Suppose n*d - 14*d = -232. List the prime factors of d.
2, 29
Let v be ((-48)/20)/((-6)/(-40)). Let s be v/40 - 1052/(-5). Suppose 0 = -5*y - 5*y + s. List the prime factors of y.
3, 7
Suppose g - 507 = -y, 10*y = -2*g + 6*y + 1012. Suppose 2*b + 2*w = g, -b - 3*w = -209 - 47. List the prime factors of b.
11, 23
Let p be ((-21)/12 + 1)/((-24)/320). Suppose -p*i = -7158 + 1558. What are the prime factors of i?
2, 5, 7
Let q(y) = 4848*y - 1157. List the prime factors of q(3).
11, 1217
Let q(p) = 862*p - 453. List the prime factors of q(10).
8167
What are the prime factors of 4/(-56)*21 - (-54607)/2?
2, 11, 17, 73
Suppose 4*a + 2*p - 31 + 3 = 0, -3*p + 26 = 4*a. Suppose a*y - 100 = 3*y. Suppose -k = 4*k - y. List the prime factors of k.
2
Let f = 3520 + -3541. Suppose 23 = -2*p + 3*k - 100, -260 = 5*p + 2*k. Let y = f - p. List the prime factors of y.
3, 11
Suppose -2*g - 25986 = -40*i + 35*i, -5*g + 10 = 0. What are the prime factors of i?
2, 23, 113
Let y = -15703 - -24216. What are the prime factors of y?
8513
Let n(w) = -2*w**2 + 49*w + 40. Let d be n(30). Let g = d - -378. List the prime factors of g.
2, 11
Suppose 274*d - 1739913 = 4045049. What are the prime factors of d?
43, 491
Let b = -114 - -120. Suppose -557 = -b*r + 481. What are the prime factors of r?
173
What are the prime factors of (-148)/(-6)*(-817)/190*-15?
37, 43
Suppose 0 = -4*u + 2783 + 28509. What are the prime factors of u?
7823
Suppose 46*x - 31861 = 77849. What are the prime factors of x?
3, 5, 53
Suppose 242 - 107108 = -18*a. List the prime factors of a.
3, 1979
Let l(o) = 38*o**2 - 54*o - 12 + 9*o**2 + 58*o. List the prime factors of l(2).
2, 23
Let k(o) = 2*o**3 + 5*o**2 + 3*o + o**3 + 18 - 4*o**3 - 9. Let v be k(6). Let u(d) = -17*d + 33. List the prime factors of u(v).
2, 3, 31
Let a(t) = t. Suppose -2*p + 4 = 0, p + 114 = 4*v + 4*p. Suppose -v*u + 23*u = -56. List the prime factors of a(u).
2, 7
Suppose -109*x + 2*f = -114*x + 207630, 4*x - 2*f - 166086 = 0. List the prime factors of x.
2, 7, 1483
Let q = 0 + -5. Let c = 41 - 39. What are the prime factors of (-37)/c*40/q?
2, 37
Suppose 418*t - 594 - 660 = 0. Let w(c) = -9*c + 22*c + 3 + 53*c. List the prime factors of w(t).
3, 67
Suppose -4*t + i = -10658 - 11587, 22235 = 4*t + i. What are the prime factors of t?
2, 5, 139
Let z(h) = h**2 - 258*h + 2193. What are the prime factors of z(0)?
3, 17, 43
Suppose -80*c = -4*d - 84*c + 223848, 7*d + 2*c = 391704. What are the prime factors of d?
2, 3, 4663
Suppose 106 = -8*k + 842. Suppose -4*w - 3 = m, 4*m - 8*w = -3*w + 51. What are the prime factors of k*m/(-24)*30/(-9)?
5, 23
Let q = 439 - 441. What are the prime factors of q + 5 - 1418*(-6)/12?
2, 89
Suppose 5*p - 8*p + 2*n + 3062 = 0, 4*p = 3*n + 4083. Let w = -504 + p. List the prime factors of w.
2, 3, 43
Let c = -11912 - -18582. List the prime factors of c.
2, 5, 23, 29
Suppose -15*j - 16*j - 341803 = -2678955. What are the prime factors of j?
2, 19, 31
Let t = -581 - -583. Suppose 0 = -2*b + t, 4*b - 8*b + 2060 = 4*m. What are the prime factors of m?
2, 257
Let j be 7/(-7) + 1*6865. Suppose 0 = 7*t + 9*t - j. What are the prime factors of t?
3, 11, 13
Let w(p) = p + 11. Let c be w(-8). Let d(h) = -3*h - 16 + 19 + h**3 - 4*h**2 + 2*h**c - 7*h**3. What are the prime factors of d(-3)?
2, 3, 7
Let v(o) = -3*o**2 - 23*o - 55 - 3*o**2 + 52 - 116 - 15*o**3. List the prime factors of v(-5).
1721
Suppose -55*v + 170 = -21*v. Suppose 0*a - 442 = -2*a. Suppose 0 = -v*r + 444 + a. What are the prime factors of r?
7, 19
Suppose 3*c + 5*j - 3 = 4, j = 5*c + 7. Let o be (-253 - (2 + c))/((-47)/47). Suppose -u = u - o. List the prime factors of u.
127
Let g(q) = -119*q + 129*q + 48 + 6*q**2 - 4. What are the prime factors of g(10)?
2, 3, 31
Suppose 3*o = 5*b + 47, -o - 2*b = 2*o - 19. Suppose -o*x + 838 = 226. What are the prime factors of x?
2, 17
Let d be (0 - (-1 + -1)) + (1 - -1). Suppose w = d*c + 59, -2*c - 185 = -4*w - 3*c. Suppose 0 = -51*o + w*o + 376. List the prime factors of o.
2, 47
Let g(t) = 352*t + 1879. List the prime factors of g(4).
19, 173
Let b = -364 + 373. What are the prime factors of b + -4 + 12 + 3 + -1?
19
Let a(q) = -q**2 + 21*q - 15. Let z be a(12). Suppose -z*y + 4488 = -85*y. List the prime factors of y.
3, 11, 17
Suppose 0 = -o + 1810 - 420. Let t = 516 + o. List the prime factors of t.
2, 953
Let w = 9827 - -1965. Suppose 27*l = 5*l + w. List the prime factors of l.
2, 67
Let w = 6085 + -2369. Suppose -2*v = 4*t - w, -4*v + 0*t = t - 7446. What are the prime factors of v?
2, 7, 19
Let h = -3966 - -8844. What are the prime factors of h?
2, 3, 271
Suppose -x - 3*b + 773 = -2*x, x - 2*b = -770. What are the prime factors of (-5 + 13)*x/(-16)?
2, 191
Suppose 232*h + 82670 = 267*h. What are the prime factors of h?
2, 1181
Suppose 158*u + 219802 = 180*u. List the prime factors of u.
97, 103
Let l(v) = 3*v - 10. Suppose -3*d + 30 = 2*d. Let i be (-305)/(-35) + d/21. List the prime factors of l(i).
17
Let l = 30751 - 21116. List the prime factors of l.
5, 41, 47
Let n be (3 + 1)*(22 + -14). Let m = -27 + n. Suppose 0 = 4*o + 3*c - 407, m*o + 104 - 599 = -c. What are the prime factors of o?
2, 7
Let a = 48 - -4. Suppose -18*w = -17*w + a. What are the prime factors of (119/34)/((-2)/w)?
7, 13
Suppose -39*s + 36552 = 47*s - 80*s. What are the prime factors of s?
2, 1523
What are the prime factors of -4 - 130/(-30) - (-5)/((-75)/(-61180))?
4079
Let d(g) = -3 - g**3 - 2 + 6*g**2 + 2*g**3 + 6*g + 3. List the prime factors of d(5).
3, 101
Let m(z) = 6*z**2 - 17*z - 492. List the prime factors of m(44).
2, 1297
Let w(x) = 62 + 10*x - 9 - 21 + 520*x**2 - 43*x. What are the prime factors of w(1)?
3, 173
Let j = 63 - 61. Suppose -3*w - 3*v = -4239, w = -j*v - 2*v + 1407. List the prime factors of w.
5, 283
Let f be (-4)/10 + -4 + (-44)/(-10). Suppose 3*r + 6 = f, w + 0*w + r = -67. Let c = w + 73. List the prime factors of c.
2
Let o = 50 - 51. List the prime factors of (191*12)/6 + o.
3, 127
Let z = 230691 - 135907. List the prime factors of z.
2, 1481
Suppose 23 = -13*g + 23. Let i be 2/1 + 9 + -9. Suppose -i*y + 140 = -g*y. List the prime factors of y.
2, 5, 7
Let k be (146/3)/((-16)/(-120)). Suppose 0 = -3*n - 5*a + k, -3*a = -4*a + 4. Suppose -b + 0*b + n = -v, 583 = 5*b - 3*v. What are the prime factors of b?
7, 17
Let o(u) = 4*u**3 + 57*u**2 - 487*u + 27. What are the prime factors of o